033 (base 4) to base 16.
8db88f
76493 (base 10) to base 2
10010101011001101
What is -30433 (base 8) in base 9?
-18217
What is 3146280 (base 9) in base 14?
31bada
-52535304 (base 7) to base 10
-4446117
What is 263053 (base 7) in base 10?
49087
12407802 (base 9) to base 12
2057048
What is -180b575 (base 12) in base 4?
-103003311221
-458142 (base 9) to base 8
-1031010
-8260568 (base 9) to base 5
-2112100314
What is -121101102221110 (base 3) in base 15?
-b704cc
Convert 614131 (base 8) to base 13.
71432
What is 457351 (base 10) in base 11?
292684
Convert 2bb (base 16) to base 7.
2016
What is 143144222 (base 5) in base 2?
10111000100111011011
What is -11001222111011 (base 3) in base 16?
-210814
Convert 550164 (base 9) to base 16.
501fd
-3075a9 (base 11) to base 13
-143640
What is 444509b (base 12) in base 6?
1143144315
2643972 (base 10) to base 16
285804
What is -22222110000001 (base 3) in base 2?
-10010001101000011000011
What is -110233220212 (base 4) in base 16?
-52fa26
2002112200021 (base 3) to base 4
10033231303
Convert 20124b (base 16) to base 10.
2101835
Convert 201201211021220 (base 3) to base 6.
1012441423
-12153446 (base 7) to base 16
-109d90
-53565 (base 7) to base 5
-411301
What is 107003 (base 10) in base 15?
21a88
What is 1334714 (base 8) in base 7?
3122002
Convert -abcc5 (base 16) to base 5.
-140004220
What is 280511 (base 10) in base 15?
581ab
What is -11010011111100000 (base 2) in base 6?
-2154212
-ab964 (base 12) to base 4
-313212130
Convert 23038 (base 9) to base 3.
210001022
What is 5403254 (base 6) in base 11?
171225
Convert -17a97 (base 15) to base 9.
-126117
What is 794487 (base 12) in base 3?
10122100202011
Convert -2535132 (base 6) to base 14.
-38012
1989c5 (base 14) to base 8
3354301
Convert -643074 (base 9) to base 5.
-44222132
-3140343 (base 5) to base 13
-1ac30
What is -1c148 (base 16) in base 11?
-79460
Convert 12652433 (base 7) to base 15.
18267e
-1101101110110001111110 (base 2) to base 9
-6685508
Convert 420030302 (base 6) to base 10.
7282334
What is -215467 (base 11) in base 5?
-42001310
Convert -2122311 (base 6) to base 7.
-612604
-10011100111111111011101 (base 2) to base 9
-10610876
What is -1908a (base 14) in base 13?
-22a22
What is -37784 (base 11) in base 13?
-1b878
41441332 (base 5) to base 12
14683a
Convert -10200200201101 (base 3) to base 13.
-539203
What is -23919 (base 13) in base 16?
-fee8
-476228 (base 10) to base 13
-1389bc
2163435 (base 8) to base 15
b7d1d
What is 22641 (base 11) in base 3?
1122212200
cbbb (base 15) to base 8
124217
Convert -627632 (base 8) to base 6.
-4250350
Convert 100010110010100101011 (base 2) to base 8.
4262453
Convert 247055 (base 8) to base 11.
59302
102102001012202 (base 3) to base 11
3471454
What is 7dfa7 (base 16) in base 12?
20a747
Convert 220321013 (base 4) to base 3.
22111202112
What is 1101011001011011000 (base 2) in base 13?
124a83
Convert -59da (base 15) to base 11.
-13399
4038a34 (base 11) to base 12
248517a
Convert -5acad (base 15) to base 16.
-46bca
-a7788a (base 12) to base 15
-3743a1
-53034533 (base 6) to base 2
-101111001000110011001
What is -1000011010100100 (base 2) in base 11?
-23995
47708 (base 9) to base 6
403442
-967a7 (base 13) to base 10
-271551
24ba2a3 (base 13) to base 10
11475402
Convert 2632634 (base 7) to base 6.
11214112
Convert b3348 (base 13) to base 7.
2505551
What is 40422322 (base 5) in base 16?
4fbbb
-11010011000110001 (base 2) to base 9
-174230
-879997 (base 10) to base 6
-30510021
13004a0 (base 12) to base 16
38f6b8
What is -46458d (base 14) in base 8?
-11103421
What is -2ca6a (base 13) in base 12?
-41414
What is -1843338 (base 10) in base 15?
-266293
What is 1bc031 (base 15) in base 10?
1356796
-120142340 (base 6) to base 2
-1000100110000011010100
a0c519 (base 14) to base 3
101011222002210
-1102240 (base 5) to base 6
-224142
Convert -1096b81 (base 13) to base 11.
-2972a59
Convert -11185d (base 16) to base 13.
-302c39
-22557621 (base 8) to base 10
-4906897
What is -111211001122 (base 3) in base 12?
-111475
-64234 (base 10) to base 14
-195a2
101401124 (base 5) to base 15
841c9
What is 111101011010111110 (base 2) in base 14?
67982
-15cb2a (base 13) to base 3
-1000112222022
Convert 300102523 (base 6) to base 12.
1834a43
What is -30850 (base 15) in base 7?
-1210152
What is 15236 (base 12) in base 3?
1111202020
What is 57b2 (base 14) in base 12?
89a8
Convert 121341 (base 8) to base 2.
1010001011100001
Convert d9a70 (base 15) to base 5.
134101410
Convert -6346311 (base 7) to base 2.
-10111011100010000100
What is -2122102110221 (base 3) in base 12?
-5796b1
What is 210011011 (base 3) in base 14?
5897
Convert -70d41 (base 15) to base 13.
-c6874
What is 11000101010101110100001 (base 2) in base 8?
30525641
15085a (base 12) to base 15
6ec24
Convert -1110030000 (base 4) to base 9.
-575016
Convert -10010001000001110101001 (base 2) to base 14.
-8b9c5b
-10101101202122 (base 3) to base 6
-102320412
What is 100010110110110000 (base 2) in base 11?
9829a
What is 1111000101101100010 (base 2) in base 8?
1705542
Convert 156a19 (base 13) to base 4.
2001021200
Convert 1667898 (base 10) to base 15.
22e2d3
1533042 (base 6) to base 8
257762
-2482a (base 12) to base 16
-c1a2
What is 15b9a9 (base 16) in base 13?
3ab09c
Convert -6431063 (base 7) to base 5.
-144440323
Convert -12011221220 (base 3) to base 12.
-4b066
Convert -317674 (base 11) to base 8.
-1740016
-7536556 (base 8) to base 16
-1ebd6e
What is -b6b29 (base 12) in base 11?
-154416
What is -9807a (base 16) in base 2?
-10011000000001111010
Convert 1120220130 (base 4) to base 14.
96432
What is 431a1 (base 12) in base 11?
60458
What is -22434101 (base 7) in base 10?
-1958237
16766 (base 8) to base 11
5843
What is -33b639 (base 12) in base 8?
-3122315
-4612661 (base 8) to base 14
-247b45
Convert 101a641 (base 12) to base 15.
3eb40d
What is -79227 (base 11) in base 14?
-2db57
What is -248bb3 (base 16) in base 13?
-65b1c4
Convert -2066632 (base 8) to base 7.
-4460224
Convert -222011001222 (base 3) to base 11.
-3217a4
Convert 4064670 (base 8) to base 5.
233410030
-32201421 (base 5) to base 6
-5455435
What is -31027004 (base 8) in base 5?
-3140043010
Convert 300843 (base 12) to base 6.
24005323
What is 24112011 (base 5) in base 12?
a8ab0
501d0 (base 16) to base 6
11011104
Convert 12011122102 (base 3) to base 7.
602540
Convert -1020102110020 (base 3) to base 4.
-2200213200
370300 (base 9) to base 2
110110100001010101
-1a39a (base 14) to base 5
-4112310
What is 1220643 (base 10) in base 14?
23abab
What is -10111101001111000000010 (base 2) in base 5?
-3041411314
What is -1b670 (base 14) in base 3?
-10112211221
What is -11011021222220 (base 3) in base 11?
-127a717
Convert -8cde3 (base 16) to base 12.
-239aab
-3cca3 (base 13) to base 10
-114208
What is -10ed6c (base 15) in base 8?
-3055264
2710504 (base 9) to base 4
11222012323
-1182a3 (base 11) to base 8
-554507
-1172d (base 15) to base 14
-163aa
What is 300ce (base 15) in base 14?
3d5c1
Convert 11011022221222 (base 3) to base 5.
1031223104
Convert -1120324 (base 5) to base 4.
-10321321
Convert -5b829 (base 15) to base 2.
-1000111010011111001
Convert -c9d1 (base 16) to base 4.
-30213101
What is -64515032 (base 7) in base 9?
-11312552
Convert -612255 (base 8) to base 12.
-98a11
Convert -70539 (base 10) to base 2.
-10001001110001011
What is -77784 (base 9) in base 14?
-14b8d
What is -11131030011 (base 4) in base 16?
-15d305
-411255532 (base 6) to base 8
-32755320
201582 (base 9) to base 13
423c5
11122120110 (base 3) to base 8
262626
What is -2523145 (base 7) in base 8?
-1173176
What is 145528 (base 11) in base 10?
226905
-450394 (base 13) to base 4
-12031212331
-70611b (base 12) to base 13
-4947cb
What is 368a64 (base 11) in base 15?
b7abc
Convert 2240014440 (base 5) to base 14.
94287b
Convert 221011012001 (base 3) to base 2.
1111000111000010111
111222102000000 (base 3) to base 13
170128b
Convert -4002463 (base 9) to base 2.
-1000000111011011110011
What is -4bed2 (base 15) in base 13?
-86792
1573457 (base 9) to base 5
211001201
-100000101101000001 (base 2) to base 6
-2512053
What is -88a59 (base 13) in base 15?
-4d66d
-bf0a9 (base 16) to base 10
-782505
What is -110111011000011010010 (base 2) in base 15?
-25ca78
What is -32189 (base 15) in base 4?
-212310003
Convert 1214612